{"id":93,"date":"2024-03-11T17:49:57","date_gmt":"2024-03-11T17:49:57","guid":{"rendered":"https:\/\/ufobloggen.dk\/?page_id=93"},"modified":"2024-03-11T17:59:25","modified_gmt":"2024-03-11T17:59:25","slug":"om-ufobloggen","status":"publish","type":"page","link":"https:\/\/ufobloggen.dk\/index.php\/om-ufobloggen\/","title":{"rendered":"Om ufobloggen"},"content":{"rendered":"<p>Min fascination af UFO-mystikken startede allerede f\u00f8r konfirmationsalderen. Jeg husker, at jeg var p\u00e5 det lokale bibliotek i Nordsj\u00e6lland i Niv\u00e5, hvor jeg fandt Charles Berlitz\u2019 b\u00f8ger; <em>Bermuda Trekanten<\/em>\u00a0og\u00a0<em>UFO\u2019et der styrtede (ned)<\/em>. Jeg er ikke sikker p\u00e5 at jeg som udgangspunkt var mere kritisk i forhold til det jeg l\u00e6ste end unge mennesker er i dag, men mine for\u00e6ldre var nok meget gode til at pointere, at det er fint med et \u00e5bent sind, men ogs\u00e5 fornuftigt samtidig at have begge ben plantet p\u00e5 jorden. Jeg t\u00e6nker, at det er v\u00e6sentlige grundelementer, som jeg har taget til mig og som jeg den dag i dag benytter i mit daglige virke som forsker. For at vende tilbage til mine inputs i starten af 1980\u2019erne, hvor information ikke fl\u00f8d i stride str\u00f8mme som i dag via internettet, s\u00e5 var min konklusion p\u00e5 Berlitz\u2019 b\u00f8ger, at de nok var lidt for fantastiske til at alt, der stod i dem kunne passe. Men s\u00e6rligt historien om Roswell-episoden fra 1947 havde t\u00e6ndt min interesse.<\/p>\n<p>Fascinationen blev holdt i live af en lille episode en aften, hvor jeg, mens jeg stod ude p\u00e5 vejen ved det r\u00e6kkehus, hvor vi boede, fik \u00f8je p\u00e5 tre kraftige lys p\u00e5 himlen i en trekant, i sydlig retning, som ikke normalt var der. Det var et kraftigt, stillest\u00e5ende, hvidt lys og efter at have kigget lidt p\u00e5 det konkluderede jeg, at det nok m\u00e5tte v\u00e6re projekt\u00f8rer fra det lokale idr\u00e6tsstadion og gik ind. Da jeg var kommet indenfor slog det mig, at det var en total umulighed at se projekt\u00f8rerne, som ville v\u00e6re \u00bd km v\u00e6k og skulle v\u00e6re hejst h\u00f8jt op p\u00e5 en kran f\u00f8rend det kunne lade sig g\u00f8re. Da jeg kom ud igen var lysene v\u00e6k. Jeg husker, at jeg efterf\u00f8lgende fandt en artikel i en lokal avis, der kunne bekr\u00e6fte, at andre ogs\u00e5 havde observeret de tre lys. Senere fandt jeg en artikel i magasinet UFO-Nyt, som sk\u00f8d UFO\u2019en ned med forklaringen, at det svarede til projekt\u00f8rer, landingslys, som et kommercielt passagerfly kunne t\u00e6nde i bestemte situationer. Selvom jeg ikke var helt overbevist om at lysenes individuelle placering og intensitet passede med forklaringen, endte jeg med med at k\u00f8be udl\u00e6gningen som den mest sandsynlige (omend ogs\u00e5 den mest kedelige).<\/p>\n<p>Denne pseudo-UFO observation var ogs\u00e5 tilbage i 1980\u2019erne, men efterh\u00e5nden faldt UFO-interessen l\u00e6ngere og l\u00e6ngere tilbage i min bevidsthed, med k\u00e6reste og studier og alt muligt andet i forgrunden \u2013 nok ogs\u00e5 hjulpet af, at der ikke rigtig dukkede nogle sp\u00e6ndende historier op i medierne. UFO\u2019er var ikke rigtigt et l\u00f8digt emne at bruge spalteplads p\u00e5.<\/p>\n<p>Jeg kan ikke rigtig huske, hvad der fik mig p\u00e5 banen igen, men vi skal spole helt frem til 2015 f\u00f8r jeg fik lyst til at finde ud af om, der var sket noget i UFO-verdenen i mellemtiden. Nu jeg t\u00e6nker over det kom jeg faktisk nok ind i emnet med det forkerte ben forrest; jeg \u00f8nskede en form for\u00a0<em>reboot<\/em>\u00a0og k\u00f8bte derfor bogen\u00a0<em>Roswell<\/em>\u00a0af Kim M\u00f8ller Hansen. Forfatterens udl\u00e6gning af Roswell-h\u00e6ndelsen var \u00e9n stor\u00a0<em>debunk<\/em> af historien om, at der skulle v\u00e6re en nedstyrtet flyvende tallerken tilbage i 1947 \u2013 med en logisk redeg\u00f8relse af, at der faktisk havde v\u00e6ret en m\u00f8rkl\u00e6gning fra milit\u00e6rets side, men med en meget jordn\u00e6r forklaring. M\u00f8ller Hansen efterlod ikke noget til fantasien om at der skulle v\u00e6re sket noget mystisk. Det gik s\u00e5 ogs\u00e5 op for mig at selvsamme forfatter var en del af Skandinavisk UFO Information (SUFOI). Da jeg for \u00e5r tilbage havde kigget i SUFOIs magasin UFO-Nyt p\u00e5 biblioteket havde jeg opfattet en positiv \u00e5ben entusiasme omkring emnet iblandet en portion sund skepsis. Den aktuelle indstilling er dog med kraftig overv\u00e6gt p\u00e5 en skeptisk indstilling, hvor det mest af alt virker som en klub, der bruger stort set al sin energi p\u00e5 at <em>debunke<\/em> UFO-observationer og s\u00e5 tvivl om trov\u00e6rdigheden ved alle, der har en historie at fort\u00e6lle.<\/p>\n<p>S\u00e5 det efterlod mig nok lidt sluk\u00f8ret p\u00e5 den front for en tid.<\/p>\n<p>Et par \u00e5r senere lyttede jeg til Joe Rogans podcast, hvor musikeren og UFO-n\u00f8rden Tom DeLonge kom med nogle p\u00e6nt vilde udsagn omkring ikke-jordisk teknologi\u00a0 \u2013 og at der var noget p\u00e5 vej. Og det viste sig at han i det mindste var involveret i at f\u00e5 frigivet nogle videoer (via hans firma\u00a0<em>To The Stars Academy<\/em>), som Pentagon efterf\u00f8lgende verificerede var UAP\u2019s (<em>unidentified aerial phenomenon<\/em>, den nye moderne betegnelse for UFO).<\/p>\n<p>Siden 2017 er der sket en hel del p\u00e5 UFO-omr\u00e5det, og den seneste tid er det n\u00e6rmest eksploderet\u2026 dog ikke s\u00e5 meget i de danske medier, som man kunne have troet. Her er den tilbageholdende skeptiske tilgang den dominerende.<\/p>\n<p>Hvis man har lyst til at hoppe ned i kaninhullet kan jeg anbefale at man kaster sig over den danske DR-podcast\u00a0<a href=\"https:\/\/www.dr.dk\/lyd\/special-radio\/flyvende-tallerken\">Flyvende tallerken<\/a>\u00a0med Frederik Dirks Gottlieb og fysiker Anja C. Andersen.<\/p>\n<p>Og jeg selv? Jeg er hoppet i igen! Jeg har endda f\u00e5et anskaffet mig eksemplarer af de gamle b\u00f8ger af Charles Berlitz.<\/p>\n","protected":false},"excerpt":{"rendered":"<p>Min fascination af UFO-mystikken startede allerede f\u00f8r konfirmationsalderen. Jeg husker, at jeg var p\u00e5 det lokale bibliotek i Nordsj\u00e6lland i&#8230;&#8230;<\/p>\n","protected":false},"author":1,"featured_media":97,"parent":0,"menu_order":0,"comment_status":"closed","ping_status":"closed","template":"","meta":{"footnotes":""},"class_list":["post-93","page","type-page","status-publish","has-post-thumbnail","hentry"],"jetpack_sharing_enabled":true,"_links":{"self":[{"href":"https:\/\/ufobloggen.dk\/index.php\/wp-json\/wp\/v2\/pages\/93","targetHints":{"allow":["GET"]}}],"collection":[{"href":"https:\/\/ufobloggen.dk\/index.php\/wp-json\/wp\/v2\/pages"}],"about":[{"href":"https:\/\/ufobloggen.dk\/index.php\/wp-json\/wp\/v2\/types\/page"}],"author":[{"embeddable":true,"href":"https:\/\/ufobloggen.dk\/index.php\/wp-json\/wp\/v2\/users\/1"}],"replies":[{"embeddable":true,"href":"https:\/\/ufobloggen.dk\/index.php\/wp-json\/wp\/v2\/comments?post=93"}],"version-history":[{"count":3,"href":"https:\/\/ufobloggen.dk\/index.php\/wp-json\/wp\/v2\/pages\/93\/revisions"}],"predecessor-version":[{"id":96,"href":"https:\/\/ufobloggen.dk\/index.php\/wp-json\/wp\/v2\/pages\/93\/revisions\/96"}],"wp:featuredmedia":[{"embeddable":true,"href":"https:\/\/ufobloggen.dk\/index.php\/wp-json\/wp\/v2\/media\/97"}],"wp:attachment":[{"href":"https:\/\/ufobloggen.dk\/index.php\/wp-json\/wp\/v2\/media?parent=93"}],"curies":[{"name":"wp","href":"https:\/\/api.w.org\/{rel}","templated":true}]}}